022
2041133 (base 5) to base 6
421010
-7161 (base 8) to base 14
-14c1
-62010 (base 7) to base 5
-440344
What is -3203103 (base 4) in base 11?
-aa25
352 (base 6) to base 5
1030
Convert 1101000101011 (base 2) to base 11.
5040
What is 165403 (base 8) in base 15?
12c5d
-7911 (base 13) to base 16
-4212
What is -4343 (base 6) in base 13?
-5bb
What is 32120 (base 4) in base 2?
1110011000
What is 109 (base 10) in base 9?
131
871a (base 11) to base 5
332031
What is -111012 (base 6) in base 12?
-5468
Convert 251211 (base 6) to base 12.
10b07
-112431 (base 5) to base 10
-4116
What is 1001134 (base 5) in base 3?
210122222
-1894 (base 13) to base 9
-5027
What is 1338 (base 9) in base 15?
472
What is 13856 (base 10) in base 13?
63cb
Convert 2021443 (base 5) to base 12.
16b50
What is b474 (base 15) in base 2?
1001010011110110
6530 (base 9) to base 16
12c6
Convert -116e (base 16) to base 15.
-14c7
-519 (base 11) to base 13
-391
What is 11202 (base 3) in base 7?
242
Convert 279 (base 10) to base 14.
15d
What is 5144 (base 7) in base 11?
1393
What is 139 (base 11) in base 6?
431
33312202 (base 4) to base 7
360205
What is 38de (base 15) in base 5?
342014
7329 (base 13) to base 5
1002141
Convert 188 (base 14) to base 6.
1244
Convert -50710 (base 8) to base 9.
-31642
22704 (base 9) to base 3
202210011
-5 (base 16) to base 2
-101
Convert 1bac (base 13) to base 3.
12202111
-376b (base 15) to base 3
-121012002
What is -9301 (base 14) in base 10?
-25285
Convert -33368 (base 9) to base 16.
-569f
972 (base 15) to base 8
4124
-110111100 (base 3) to base 7
-35361
Convert -13443 (base 5) to base 13.
-685
Convert 1332323 (base 4) to base 9.
12125
What is -30432 (base 7) in base 2?
-1110011111110
Convert 265e (base 15) to base 14.
2dad
-785 (base 13) to base 11
-a75
14106 (base 8) to base 6
44434
5145 (base 14) to base 4
3122121
What is -4432 (base 6) in base 11?
-855
What is 206 (base 10) in base 7?
413
-43343 (base 5) to base 13
-1479
What is -21c (base 13) in base 3?
-111110
Convert -469 (base 16) to base 7.
-3202
What is -95 (base 11) in base 14?
-76
What is 2999 (base 10) in base 15?
d4e
What is 1200001 (base 3) in base 8?
2300
Convert 350 (base 10) to base 5.
2400
Convert 37 (base 12) to base 9.
47
40300 (base 6) to base 7
21300
-368f (base 16) to base 8
-33217
100010011 (base 2) to base 8
423
Convert -321322 (base 4) to base 8.
-7172
43a61 (base 11) to base 5
4020314
-772e (base 15) to base 8
-61234
What is 372c (base 14) in base 7?
40055
26691 (base 10) to base 5
1323231
-4a0 (base 15) to base 11
-875
Convert -1055 (base 7) to base 6.
-1435
Convert 14210 (base 5) to base 8.
2234
-5b98 (base 12) to base 7
-42101
Convert -33b7 (base 12) to base 14.
-2151
-223 (base 12) to base 13
-1b3
100100101 (base 2) to base 16
125
What is 9686 (base 12) in base 15?
4d63
-14228 (base 10) to base 14
-5284
Convert 460 (base 8) to base 9.
367
Convert 1896 (base 14) to base 5.
120234
What is -1120021 (base 3) in base 6?
-5141
What is -2ced (base 15) in base 6?
-112441
20120011 (base 3) to base 10
4783
33231 (base 4) to base 5
13010
Convert 110111 (base 2) to base 7.
106
What is -568c (base 14) in base 11?
-10315
What is 1300233 (base 5) in base 12?
12610
What is 1a36 (base 11) in base 13?
1236
What is -72344 (base 8) in base 5?
-1424144
-1610 (base 8) to base 10
-904
-1010120 (base 3) to base 12
-589
What is 4642 (base 7) in base 5?
23241
Convert 44ee (base 15) to base 14.
5488
What is 2de (base 16) in base 6?
3222
Convert -122122121 (base 3) to base 9.
-18577
Convert -110110 (base 3) to base 14.
-1a0
What is -1479 (base 15) in base 8?
-10445
Convert -4876 (base 9) to base 2.
-111000110001
Convert 21370 (base 8) to base 2.
10001011111000
65 (base 8) to base 9
58
What is -365 (base 9) in base 6?
-1222
What is 2212120 (base 3) in base 2?
100000101110
What is -1000001010100 (base 2) in base 3?
-12201211
Convert -16242 (base 8) to base 10.
-7330
Convert -101011111 (base 2) to base 5.
-2401
What is -11093 (base 10) in base 5?
-323333
-d308 (base 16) to base 12
-27320
212553 (base 6) to base 8
42125
Convert 7e1 (base 16) to base 8.
3741
What is -2169 (base 10) in base 12?
-1309
Convert -200 (base 7) to base 13.
-77
-a5b (base 13) to base 9
-2372
What is -a10 (base 11) in base 5?
-14341
Convert 4c0 (base 13) to base 15.
3a7
77823 (base 9) to base 3
2121220210
What is -4233 (base 6) in base 13?
-588
Convert -10100001010011 (base 2) to base 4.
-2201103
20653 (base 12) to base 5
2324044
223010 (base 4) to base 10
2756
Convert -31254 (base 6) to base 5.
-113320
What is -1 (base 8) in base 12?
-1
Convert b3e (base 16) to base 8.
5476
-110110001100 (base 2) to base 16
-d8c
What is 8108 (base 14) in base 12?
109a4
What is 4461 (base 9) in base 4?
303133
Convert -3a8 (base 14) to base 8.
-1340
-14404 (base 6) to base 4
-210010
What is -22233 (base 6) in base 10?
-3117
What is -2302 (base 6) in base 4?
-20132
Convert 21201 (base 4) to base 7.
1530
Convert a8 (base 14) to base 5.
1043
-513 (base 16) to base 6
-10003
What is 17698 (base 12) in base 13?
1250c
2819 (base 15) to base 13
3b97
334200 (base 5) to base 6
130344
-4024 (base 5) to base 10
-514
38b (base 14) to base 2
1011000111
What is 30003 (base 4) in base 9?
1046
3b09 (base 15) to base 11
9523
-58d (base 15) to base 2
-10011101010
-8645 (base 9) to base 7
-24353
Convert 20210201 (base 3) to base 12.
2a54
What is -a845 (base 12) in base 14?
-6a45
1010011001110110 (base 2) to base 11
2a020
Convert -22c8 (base 14) to base 16.
-17a8
What is 11654 (base 9) in base 14?
2bcd
What is 25964 (base 11) in base 3?
1212212221
-110100110110010 (base 2) to base 6
-325134
-43a1 (base 16) to base 7
-101322
Convert -516 (base 7) to base 14.
-146
1c9 (base 13) to base 11
284
What is -343 (base 12) in base 5?
-3413
Convert -500 (base 12) to base 8.
-1320
What is -101100 (base 4) in base 12?
-780
-27831 (base 10) to base 3
-1102011210
1333302 (base 4) to base 15
2653
What is -2020102 (base 3) in base 2?
-11001011111
What is 2b6 (base 12) in base 3?
120210
What is -20230330 (base 4) in base 7?
-205630
e4b0 (base 16) to base 3
2222022022
What is 2dd (base 16) in base 10?
733
Convert -1100112 (base 3) to base 2.
-1111011010
b39 (base 12) to base 6
11313
-123106 (base 9) to base 6
-1332353
Convert a826 (base 11) to base 9.
21555
What is -22 (base 16) in base 2?
-100010
What is 251 (base 11) in base 4?
10222
Convert -33865 (base 10) to base 2.
-1000010001001001
Convert 1123151 (base 6) to base 12.
294b7
-1010001011101 (base 2) to base 13
-24b0
What is 330231 (base 4) in base 5?
111020
-231 (base 7) to base 14
-88
Convert 1840 (base 9) to base 16.
585
Convert 12910 (base 14) to base 2.
1011001001110010
23980 (base 10) to base 13
abb8
Convert 1100100010011 (base 2) to base 6.
45415
-1e39 (base 16) to base 14
-2b69
Convert -b96 (base 13) to base 2.
-11110111110
Convert 87d (base 16) to base 10.
2173
Convert -1598 (base 14) to base 8.
-7422
What is 453a1 (base 11) in base 5?
4100233
What is 8311 (base 15) in base 10?
27691
Convert 522 (base 11) to base 12.
445
Convert a858 (base 12) to base 14.
6a56
What is -5473 (base 8) in base 15?
-cba
-2121 (base 7) to base 4
-23232
-38549 (base 10) to base 5
-2213144
What is 794 (base 11) in base 4?
32312
What is -313231 (base 4) in base 11?
-2751
-334032 (base 5) to base 8
-26767
What is -1112022 (base 3) in base 11?
-924
Convert -33100 (base 4) to base 3.
-1100011
What is -2b8 (base 12) in base 16?
-1ac
Convert 23206 (base 7) to base 9.
8124
What is -110111 (base 3) in base 5?
-2322
Convert 32024 (base 5) to base 13.
c87
-30850 (base 12) to base 15
-13bd0
What is 23263 (base 9) in base 4?
3302220
-10000110001111100 (base 2) to base 7
-404246
100010011000 (base 2) to base 14
b32
-15c (base 13) to base 10
-246
Convert -213 (base 4) to base 12.
-33
Convert 1b8da (base 14) to base 12.
34874
4052 (base 13) to base 4
2022113
Convert 252453 (base 6) to base 5.
1211031
-1058 (base 10) to base 6
-4522
11064 (base 8) to base 10
4660
What is 1036 (base 9) in base 13?
468
What is -514 (base 10) in base 14?
-28a
57828 (base 9) to base 10
38582
Convert -340120 (base 5) to base 13.
-5562
What is -10122312 (base 4) in base 6?
-215450
17e9 (base 15) to base 5
131134
-10866 (base 12) to base 5
-1200331
What is 2425 (base 8) in base 5?
20201
Conv